0
Let j(t) = 32*t + 520. What is j(-18)?
-56
Let z(r) = -r**3 + 3*r**2 - 5*r - 37. Determine z(4).
-73
Let b(k) = -64*k - 461. Calculate b(-7).
-13
Let k(z) = -2*z**2 + 6*z + 66. Give k(7).
10
Let j(l) = 266*l + 1324. Determine j(-5).
-6
Let l(n) = -4*n**2 - 68*n - 37. Calculate l(-17).
-37
Let v(t) = -t**3 + 13*t**2 - 17*t - 19. Calculate v(12).
-79
Let c(l) = 326*l + 450. Determine c(-1).
124
Let b(q) = -2*q**2 + 27*q + 874. Determine b(29).
-25
Let r(b) = -7*b**3 - 54*b**2 - 32*b + 9. Calculate r(-7).
-12
Let r(m) = 334*m - 3344. What is r(10)?
-4
Let d(z) = -95*z + 232. Determine d(4).
-148
Let h(q) = 66*q + 502. Determine h(-8).
-26
Let d(q) = 5*q - 140. What is d(36)?
40
Let t(r) = 4214*r + 58967. Give t(-14).
-29
Let t(u) = -3*u**3 + 18*u**2 + 21*u. Give t(7).
0
Let r(p) = 67*p + 3193. What is r(-48)?
-23
Let c(y) = 47*y - 557. What is c(12)?
7
Let p(v) = v**3 + 71*v**2 + 5*v + 357. Calculate p(-71).
2
Let n(q) = -250*q + 5285. Give n(21).
35
Let p(d) = 3*d**2 + d - 50. Give p(6).
64
Let y(f) = 6*f**3 + 444*f**2 + 52*f + 3845. Determine y(-74).
-3
Let c(j) = -j**3 + j**2 + 6*j + 5. Determine c(-1).
1
Let k(m) = 165*m - 9. Determine k(-2).
-339
Let u(o) = 2*o**2 + 3035*o + 3036. Calculate u(-1).
3
Let j(i) = -25*i + 556. Give j(6).
406
Let h(v) = 2*v**2 - 84*v + 878. Determine h(22).
-2
Let d(x) = -19*x + 260. Calculate d(17).
-63
Let h(i) = i**3 - 64*i**2 + 64*i - 56. Give h(63).
7
Let o(z) = 5*z**2 - 5*z + 4. Give o(-6).
214
Let j(d) = 66*d + 3950. Calculate j(-60).
-10
Let w(p) = -2*p**3 + 98*p**2 - 96*p + 2. Determine w(48).
2
Let z(p) = -p**3 + 32*p**2 - 21*p - 54. What is z(31)?
256
Let w(u) = 77*u - 403. Calculate w(6).
59
Let r(w) = -3*w**2 + 40*w - 72. What is r(2)?
-4
Let l(v) = -12*v**2 + 253*v - 838. Calculate l(17).
-5
Let r(q) = -q**2 + 10*q - 50. What is r(0)?
-50
Let y(q) = q**3 - 20*q**2 + 8*q - 182. Calculate y(20).
-22
Let x(u) = -u**2 - 8948*u - 62586. Determine x(-7).
1
Let a(t) = t**3 - 15*t**2 - t - 9. What is a(15)?
-24
Let o(k) = -k**3 + 30*k**2 + 30*k - 167. What is o(31)?
-198
Let o(k) = k**3 - 94*k**2 + 1420*k + 67. What is o(19)?
-28
Let f(u) = 95*u - 3. Determine f(3).
282
Let w(d) = -276*d - 1281. Determine w(-5).
99
Let f(n) = -n**3 + 33*n**2 - 273*n + 7. Give f(17).
-10
Let t(i) = -74*i + 228. Calculate t(3).
6
Let f(v) = -103*v - 9. Give f(-1).
94
Let r(v) = v**2 + 26*v - 44. Determine r(-18).
-188
Let x(v) = v**3 - 9*v**2 - 5*v + 156. Calculate x(6).
18
Let s(t) = -263*t + 819. Determine s(3).
30
Let t(r) = r**2 + 199*r + 7323. Calculate t(-49).
-27
Let l(t) = -t**3 + 2*t**2 + 32*t + 20. What is l(10)?
-460
Let k(b) = 6*b**2 - 580*b + 48. Give k(97).
242
Let w(p) = -p**2 + 8*p + 38. Give w(-13).
-235
Let a(t) = -t**3 - 11*t**2 - 17*t + 28. What is a(-9)?
19
Let g(v) = -40*v**2 - 63*v + 64. Give g(1).
-39
Let g(m) = -51*m - 152. Determine g(-4).
52
Let a(f) = -1566*f + 28147. Calculate a(18).
-41
Let i(x) = 57*x - 3036. Determine i(53).
-15
Let u(s) = -157*s**2 - 2*s - 23. What is u(0)?
-23
Let z(m) = -25*m - 63. What is z(7)?
-238
Let z(i) = -i**3 + 136*i**2 - 664*i + 7. Give z(5).
-38
Let b(d) = -223*d - 36574. Determine b(-164).
-2
Let w(g) = -2*g**2 - 369*g - 8117. Determine w(-159).
-8
Let l(i) = 4*i**2 - 175*i + 1655. Calculate l(14).
-11
Let g(h) = 840*h - 918. What is g(1)?
-78
Let v(n) = n**3 - 57*n**2 - 117*n - 70. What is v(59)?
-11
Let a(w) = -2*w**2 - 40*w - 521. Calculate a(-21).
-563
Let x(c) = 2*c**2 + 10*c + 74. Give x(13).
542
Let n(f) = f**3 + 31*f**2 - 63*f + 103. Give n(-33).
4
Let z(o) = o**3 + 7*o**2 - 5*o - 14. Calculate z(6).
424
Let r(p) = p**2 - 91*p + 813. Calculate r(81).
3
Let u(q) = 4*q**3 - 23*q**2 - 26*q - 3. What is u(-1)?
-4
Let u(b) = -5*b**3 + b**2 + 7*b - 4. What is u(2)?
-26
Let s(r) = -15*r - 221. Calculate s(12).
-401
Let g(f) = -959*f - 4800. Give g(-5).
-5
Let r(o) = 2*o**2 + 68*o - 533. Determine r(-43).
241
Let b(s) = -16*s + 15. Calculate b(-26).
431
Let j(v) = -2*v**3 + 202*v**2 - 13*v + 1312. What is j(101)?
-1
Let n(g) = -43*g**2 + 1849*g + 33. Calculate n(43).
33
Let n(z) = 3745*z + 56153. Determine n(-15).
-22
Let t(z) = -27*z - 122. What is t(-9)?
121
Let h(a) = -113*a - 1260. Give h(-11).
-17
Let u(r) = 9*r**2 + 66*r - 293. Determine u(-12).
211
Let y(s) = -s**3 + 6*s**2 - 9*s - 22. What is y(5)?
-42
Let o(z) = -17*z + 258. Give o(17).
-31
Let v(b) = -b**2 - 50*b - 311. Calculate v(-43).
-10
Let s(h) = 439*h - 79452. Determine s(181).
7
Let b(r) = 160*r - 13. Give b(1).
147
Let h(o) = -3*o**2 - 40*o - 100. Give h(-3).
-7
Let l(p) = -p**2 + 13*p - 126. Calculate l(17).
-194
Let z(o) = o**3 + 2*o**2 + 4*o + 3. What is z(-4)?
-45
Let o(r) = r**3 + 37*r**2 + 41*r + 104. Determine o(-36).
-76
Let z(x) = -3*x**2 - 106*x + 12. What is z(-38)?
-292
Let x(a) = -3*a**3 - 38*a**2 - 106*a + 80. Determine x(-6).
-4
Let p(w) = 10*w**2 - 45*w + 141. Give p(3).
96
Let d(r) = -r**2 - 141*r - 2891. Calculate d(-116).
9
Let z(b) = -27*b + 37. Calculate z(1).
10
Let q(y) = y**3 - 56*y**2 + y - 44. Calculate q(56).
12
Let a(f) = -387*f + 3390. What is a(8)?
294
Let j(o) = -24*o**2 - 2. Calculate j(-3).
-218
Let z(q) = -245*q - 4163. Calculate z(-17).
2
Let t(y) = -15*y**2 + 159*y + 268. Give t(12).
16
Let a(t) = -289*t - 580. Give a(-2).
-2
Let r(t) = -t**2 + 253*t - 14880. Determine r(93).
0
Let p(m) = -127*m - 2166. Calculate p(-17).
-7
Let v(q) = -15*q + 348. Determine v(18).
78
Let a(q) = 33*q**2 + 22*q + 107. Determine a(-4).
547
Let z(y) = -y**2 + 30*y + 399. Determine z(38).
95
Let m(h) = -3902*h - 35111. Calculate m(-9).
7
Let r(i) = -42*i**2 + 3*i - 5. Calculate r(1).
-44
Let l(v) = v**2 - 230*v - 5014. Determine l(-20).
-14
Let n(f) = -2*f**2 + 107*f + 980. Calculate n(-8).
-4
Let a(x) = 18*x**3 + 17*x**2 - 28*x - 91. Give a(-3).
-340
Let i(o) = o**3 + 24*o**2 - 36*o - 58. Calculate i(-25).
217
Let y(h) = -35*h**2 + 283*h + 15. Determine y(8).
39
Let b(i) = -12*i**3 - 3*i**2 + i - 1. Calculate b(-2).
81
Let f(k) = -30*k**2 + 5*k - 2. Give f(1).
-27
Let z(o) = 14*o**2 - 790*o - 790. Give z(-1).
14
Let v(s) = 235*s + 9700. Determine v(-41).
65
Let l(a) = 123*a - 377. Give l(6).
361
Let l(t) = -t**3 - t**2 + 35*t. Calculate l(-6).
-30
Let u(w) = 6*w**3 + w**2 - 5*w + 5. What is u(1)?
7
Let p(l) = l**3 + 32*l**2 - 78*l + 25. Give p(2).
5
Let p(g) = g**3 + 126*g**2 - 1508*g - 145. Determine p(-137).
-8
Let g(z) = -z**2 - 375*z + 61260. Calculate g(123).
6
Let x(i) = -125*i - 1305. What is x(-11)?
70
Let r(a) = 6*a**2 + 208*a + 50. Calculate r(-34).
-86
Let d(s) = 119*s + 8687. Calculate d(-73).
0
Let w(y) = 7*y**2 - 119*y + 5. Determine w(17).
5
Let r(y) = y**2 - 49*y - 111. Determine r(48).
-159
Let p(n) = -n**2 + 41*n - 430. Determine p(20).
-10
Let w(s) = -s**2 - 23*s + 215. Give w(-18).
305
Let b(k) = -59*k - 581. What is b(-10)?
9
Let i(l) = -l**3 + 50*l**2 - 99*l + 79. What is i(48)?
-65
Let k(d) = -21*d**3 + 1031*d**2 - 97*d - 59. What is k(49)?
-10
Let l(d) = -97*d + 477. Give l(4).
89
Let v(r) = r**3 - 48*r**2 + 143*r - 25. Give v(3).
-1
Let d(n) = 136*n**2 + 5710*n - 76. Determine d(-42).
8
Let c(f) = f**3 + 7*f**2 - 218*f - 35. What is c(-19)?
-225
Let n(i) = 492*i - 20663. What is n(42)?
1
Let u(q) = -q**3 - 99*q**2 + 7*q + 639. Calculate u(-99).
-54
Let q(g) = -3*g**2 - 276*g + 1129. Determine q(4).
-23
Let f(n) = n**3 - 11*n**2 + 42*n - 79. Determine f(7).
19
Let q(l) = 106*l - 7303. What is q(69)?
11
Let i(j) = 57*j + 59. Give i(-1).
2
Let m(v) = 2687*v + 5. What is m(0)?
5
Let c(k) = 2*k**2 - 7*k - 1760. Determine c(-28).
4
Let y(t) = 4*t**2 - 25*t + 74. Determine y(8).
130
Let d(v) = -3*v**3 + 83*v**2 + 7177*v - 48. What is d(-37)?
-11
Let u(f) = -f**3 - 25*f**2 - 31*f - 764. Calculate u(-25).
11
Let o(y) = 6*y**3 + 127*y**2 + 15*y - 198. What is o(-21)?
-72
Let f(l) = 3*l**2 - 58*l - 46. Give f(20).
-6
Let p(l) = -9*l**3 - 17*l**2 - 6*l - 25. Give p(-2).
-9
Let d(u) = u**2 - 502*u - 15397. What is d(-29)?
2
Let u(q) = -1083*q - 19493. Give u(-18).
1
Let q(x) = 671*x - 1338. Give q(2).
4
Let l(w) = 78*w + 864. Calculate l(-11).
6
Let y(t) = -16674*t - 33355. What is y(-2)?
-7
Let w(s) = s**3 - 34*s**2 + 146*s - 87. Calculate w(29).
-58
Let j(u) = 28*u + 1084. Calculate j(-39).
-8
Let l(o) = -12*o - 256. What is l(-28)?
80
Let c(x) = 10*x**2 - 188